{"id":383,"date":"2021-03-10T13:32:30","date_gmt":"2021-03-10T17:32:30","guid":{"rendered":"https:\/\/38cip.sipsych.org\/?page_id=383"},"modified":"2021-04-09T15:16:03","modified_gmt":"2021-04-09T19:16:03","slug":"premio-ruben-ardila","status":"publish","type":"page","link":"https:\/\/38cip.sipsych.org\/index.php\/premios\/premio-ruben-ardila\/","title":{"rendered":"Premio Rub\u00e9n Ardila"},"content":{"rendered":"<p>[et_pb_section fb_built=&#8221;1&#8243; _builder_version=&#8221;4.9.0&#8243; _module_preset=&#8221;default&#8221;][et_pb_row _builder_version=&#8221;4.9.0&#8243; _module_preset=&#8221;default&#8221; custom_margin=&#8221;-46px|auto||auto||&#8221;][et_pb_column type=&#8221;4_4&#8243; _builder_version=&#8221;4.9.0&#8243; _module_preset=&#8221;default&#8221;][et_pb_text _builder_version=&#8221;4.9.0&#8243; _module_preset=&#8221;default&#8221; hover_enabled=&#8221;0&#8243; sticky_enabled=&#8221;0&#8243;]<\/p>\n<h3 style=\"text-align: center;\"><span style=\"color: #333333;\"><strong>Premio Rub\u00e9n Ardila a la Investigaci\u00f3n Cient\u00edfica en Psicolog\u00eda<\/strong><\/span><\/h3>\n<p>[\/et_pb_text][et_pb_text _builder_version=&#8221;4.9.0&#8243; _module_preset=&#8221;default&#8221; text_font=&#8221;Arial||||||||&#8221; text_font_size=&#8221;15px&#8221; text_letter_spacing=&#8221;1px&#8221; text_line_height=&#8221;2em&#8221; text_orientation=&#8221;justified&#8221; hover_enabled=&#8221;0&#8243; sticky_enabled=&#8221;0&#8243;]<\/p>\n<p><span style=\"color: #333333;\">La Fundaci\u00f3n para el Avance de la Psicolog\u00eda (FAP) estableci\u00f3 en 2004 el \u201c<strong>Premio Rub\u00e9n Ardila a la Investigaci\u00f3n Cient\u00edfica en Psicolog\u00eda<\/strong>\u201d. Este Premio busca reconocer el trabajo realizado en investigaci\u00f3n cient\u00edfica por un psic\u00f3logo o psic\u00f3loga, a lo largo de su trayectoria vital. Los evaluadores de los candidatos\u00a0 y candidatas al Premio los proponen la Sociedad Interamericana de Psicolog\u00eda (SIP), la International Union of Psychological Science (IUPsyS) y la Fundaci\u00f3n para el Avance de la Psicolog\u00eda (FAP). El Premio se otorga cada dos a\u00f1os durante el Congreso Interamericano de la SIP.<\/span><\/p>\n<p><span style=\"color: #333333;\">A partir de 2019, la Fundaci\u00f3n decidi\u00f3 abrir una nueva categor\u00eda de <b>Grupo de Investigaci\u00f3n<\/b>, con la convicci\u00f3n de que la investigaci\u00f3n cient\u00edfica en psicolog\u00eda es cada vez m\u00e1s un logro de colectivos.<\/span><\/p>\n<p><span style=\"color: #333333;\">El Premio consiste en un reconocimiento, que incluye una placa conmemorativa y un aporte en dinero, de $ 1,000 USD a la categor\u00eda de investigador, una cantidad meramente simb\u00f3lica. La categor\u00eda de Grupo de Investigaci\u00f3n recibe placa de reconocimiento. La informaci\u00f3n sobre el Premio y sus condiciones se encuentra en la p\u00e1gina web de la Fundaci\u00f3n para el Avance de la Psicolog\u00eda: <a style=\"color: #333333;\" href=\"http:\/\/www.fundacionparaelavancedelapsicologia.org\">www.fundacionparaelavancedelapsicologia.org<\/a><\/span><\/p>\n<p>&nbsp;<\/p>\n<p><span style=\"color: #333333;\"><strong>Objetivos<\/strong><\/span><\/p>\n<p><span style=\"color: #333333;\">1.Reconocer el trabajo realizado por un psic\u00f3logo o grupo de psic\u00f3logos en investigaci\u00f3n cient\u00edfica, original y preferentemente con trabajos \u201cde punta\u201d.<\/span><\/p>\n<p><span style=\"color: #333333;\">2.Fomentar el inter\u00e9s entre los psic\u00f3logos y estudiantes de psicolog\u00eda por la investigaci\u00f3n cient\u00edfica.<\/span><\/p>\n<p><span style=\"color: #333333;\">3.Mostrar a la comunidad el papel que juega la psicolog\u00eda cient\u00edfica para la comprensi\u00f3n y soluci\u00f3n de los problemas relacionados con el comportamiento humano, a nivel individual y social.<\/span><\/p>\n<p><span style=\"color: #333333;\">4.Destacar el papel de la metodolog\u00eda cient\u00edfica en el contexto de la psicolog\u00eda como disciplina.<\/span><\/p>\n<p>[\/et_pb_text][et_pb_divider _builder_version=&#8221;4.9.0&#8243; _module_preset=&#8221;default&#8221;][\/et_pb_divider][et_pb_text _builder_version=&#8221;4.9.0&#8243; _module_preset=&#8221;default&#8221; text_font=&#8221;Arial||||||||&#8221; text_font_size=&#8221;15px&#8221; text_letter_spacing=&#8221;1px&#8221; text_line_height=&#8221;2em&#8221; text_orientation=&#8221;justified&#8221;]<\/p>\n<h3><span style=\"color: #333333;\"><b>POSTULACI\u00d3N DE CANDIDATOS\u00a0<\/b><\/span><\/h3>\n<p><span style=\"color: #333333;\">Los\/as candidatos\/as pueden ser presentados por centros de investigaci\u00f3n, universidades, asociaciones cient\u00edficas, laboratorios, acad\u00e9micos o por los propios interesados. La postulaci\u00f3n incluye el <strong>curriculum vitae acad\u00e9mico<\/strong> y <strong>una carta de exposici\u00f3n de motivos<\/strong>. Estos dos documentos se deben enviar electr\u00f3nicamente a:<\/span><\/p>\n<p><span style=\"color: #333333;\">Rub\u00e9n Ardila<\/span><br \/>\n<span style=\"color: #333333;\">Correo electr\u00f3nico: <a style=\"color: #333333;\" href=\"mailto:ruben.ardila@outlook.com\">ruben.ardila@outlook.com<\/a><\/span><\/p>\n<p>&nbsp;<\/p>\n<h4 style=\"text-align: center;\"><span style=\"color: #333333;\"><strong>El plazo para postular candidatos es el\u00a015 de mayo de 2021.<\/strong><\/span><\/h4>\n<p>[\/et_pb_text][\/et_pb_column][\/et_pb_row][\/et_pb_section]<\/p>\n","protected":false},"excerpt":{"rendered":"<p>[et_pb_section fb_built=&#8221;1&#8243; _builder_version=&#8221;4.9.0&#8243; _module_preset=&#8221;default&#8221;][et_pb_row _builder_version=&#8221;4.9.0&#8243; _module_preset=&#8221;default&#8221; custom_margin=&#8221;-46px|auto||auto||&#8221;][et_pb_column type=&#8221;4_4&#8243; _builder_version=&#8221;4.9.0&#8243; _module_preset=&#8221;default&#8221;][et_pb_text _builder_version=&#8221;4.9.0&#8243; _module_preset=&#8221;default&#8221; hover_enabled=&#8221;0&#8243; sticky_enabled=&#8221;0&#8243;] Premio Rub\u00e9n Ardila a la Investigaci\u00f3n Cient\u00edfica en Psicolog\u00eda [\/et_pb_text][et_pb_text _builder_version=&#8221;4.9.0&#8243; _module_preset=&#8221;default&#8221; text_font=&#8221;Arial||||||||&#8221; text_font_size=&#8221;15px&#8221; text_letter_spacing=&#8221;1px&#8221; text_line_height=&#8221;2em&#8221; text_orientation=&#8221;justified&#8221; hover_enabled=&#8221;0&#8243; sticky_enabled=&#8221;0&#8243;] La Fundaci\u00f3n para el Avance de la Psicolog\u00eda (FAP) estableci\u00f3 en 2004 el \u201cPremio Rub\u00e9n Ardila a<\/p>\n<div class=\"re-read-more\"><a class=\"read-more\" href=\"https:\/\/38cip.sipsych.org\/index.php\/premios\/premio-ruben-ardila\/\">Read More&#8230;<\/a><\/div>\n","protected":false},"author":1,"featured_media":0,"parent":332,"menu_order":0,"comment_status":"closed","ping_status":"closed","template":"","meta":{"_et_pb_use_builder":"on","_et_pb_old_content":"","_et_gb_content_width":"","footnotes":""},"class_list":["post-383","page","type-page","status-publish","hentry"],"_links":{"self":[{"href":"https:\/\/38cip.sipsych.org\/index.php\/wp-json\/wp\/v2\/pages\/383","targetHints":{"allow":["GET"]}}],"collection":[{"href":"https:\/\/38cip.sipsych.org\/index.php\/wp-json\/wp\/v2\/pages"}],"about":[{"href":"https:\/\/38cip.sipsych.org\/index.php\/wp-json\/wp\/v2\/types\/page"}],"author":[{"embeddable":true,"href":"https:\/\/38cip.sipsych.org\/index.php\/wp-json\/wp\/v2\/users\/1"}],"replies":[{"embeddable":true,"href":"https:\/\/38cip.sipsych.org\/index.php\/wp-json\/wp\/v2\/comments?post=383"}],"version-history":[{"count":9,"href":"https:\/\/38cip.sipsych.org\/index.php\/wp-json\/wp\/v2\/pages\/383\/revisions"}],"predecessor-version":[{"id":754,"href":"https:\/\/38cip.sipsych.org\/index.php\/wp-json\/wp\/v2\/pages\/383\/revisions\/754"}],"up":[{"embeddable":true,"href":"https:\/\/38cip.sipsych.org\/index.php\/wp-json\/wp\/v2\/pages\/332"}],"wp:attachment":[{"href":"https:\/\/38cip.sipsych.org\/index.php\/wp-json\/wp\/v2\/media?parent=383"}],"curies":[{"name":"wp","href":"https:\/\/api.w.org\/{rel}","templated":true}]}}