{"id":674,"date":"2021-04-09T10:13:31","date_gmt":"2021-04-09T14:13:31","guid":{"rendered":"https:\/\/38cip.sipsych.org\/?page_id=674"},"modified":"2021-07-10T12:37:01","modified_gmt":"2021-07-10T16:37:01","slug":"premio-desarrollo-profesional","status":"publish","type":"page","link":"https:\/\/38cip.sipsych.org\/index.php\/premios\/premio-desarrollo-profesional\/","title":{"rendered":"Premio Desarrollo Profesional"},"content":{"rendered":"<p>[et_pb_section fb_built=&#8221;1&#8243; _builder_version=&#8221;4.9.0&#8243; _module_preset=&#8221;default&#8221;][et_pb_row _builder_version=&#8221;4.9.0&#8243; _module_preset=&#8221;default&#8221; custom_margin=&#8221;-39px|auto||auto||&#8221; custom_padding=&#8221;1px|||||&#8221;][et_pb_column type=&#8221;4_4&#8243; _builder_version=&#8221;4.9.0&#8243; _module_preset=&#8221;default&#8221;][et_pb_text admin_label=&#8221;titulo&#8221; _builder_version=&#8221;4.9.0&#8243; _module_preset=&#8221;default&#8221; hover_enabled=&#8221;0&#8243; sticky_enabled=&#8221;0&#8243;]<\/p>\n<h2 style=\"text-align: center;\"><b>Premio al Desarrollo Profesional de la Psicolog\u00eda en las Am\u00e9ricas <\/b><\/h2>\n<h2 style=\"text-align: center;\"><b>&#8220;Jos\u00e9 Toro Alfonso&#8221;<\/b><\/h2>\n<p>[\/et_pb_text][et_pb_text admin_label=&#8221;texto&#8221; _builder_version=&#8221;4.9.0&#8243; _module_preset=&#8221;default&#8221; text_font=&#8221;Arial||||||||&#8221; text_font_size=&#8221;15px&#8221; text_letter_spacing=&#8221;1px&#8221; text_line_height=&#8221;2em&#8221; text_orientation=&#8221;justified&#8221; disabled_on=&#8221;on|on|on&#8221; disabled=&#8221;on&#8221;]<\/p>\n<h4 style=\"text-align: center;\"><strong>LA FECHA LIMITE PARA ENV\u00cdO ES EL 1 DE JUNIO DE 2021<\/strong><\/h4>\n<p>&nbsp;<\/p>\n<h4><span style=\"color: #333333;\"><em>A) Definici\u00f3n: <\/em><\/span><\/h4>\n<p><span style=\"color: #333333;\">Este premio est\u00e1 dise\u00f1ado para reconocer el trabajo profesional llevado a cabo por miembros de la SIP en la promoci\u00f3n de la psicolog\u00eda y su utilidad en sus pa\u00edses de origen o de forma internacional. Se entender\u00e1 por labor profesional, en su sentido amplio, todo el trabajo de promoci\u00f3n y aplicaci\u00f3n del conocimiento cient\u00edfico en psicolog\u00eda para potenciar el bienestar de la poblaci\u00f3n y\/o avanzar el estatus de la psicolog\u00eda como ciencia. Los postulantes a este premio pueden ser docentes y formadores de recursos de connotado reconocimiento, l\u00edderes gremiales que han impulsado cambios importantes en el devenir de la psicolog\u00eda en su pa\u00eds, servidores p\u00fablicos que utilizan el conocimiento cient\u00edfico en psicolog\u00eda para dise\u00f1ar e implementar programas o iniciativas de salud mental, as\u00ed como practicantes de psicolog\u00eda que han incrementado el acceso a servicios de salud mental de forma creativa, pero rigurosa.<\/span><\/p>\n<h4><span style=\"color: #333333;\"><strong>\u00a0<\/strong><\/span><span style=\"color: #333333;\"><em>B) Criterios para la persona postulante:<\/em><\/span><\/h4>\n<ol>\n<li><span style=\"color: #333333;\">Tener m\u00e1s de 10 a\u00f1os desde la obtenci\u00f3n del grado de doctorado o mayor grado acad\u00e9mico.<\/span><\/li>\n<li><span style=\"color: #333333;\">Poseer una membres\u00eda profesional activa de la<\/span><\/li>\n<li><span style=\"color: #333333;\">Ser originario de un pa\u00eds de las Am\u00e9ricas o el Caribe.<\/span><\/li>\n<li><span style=\"color: #333333;\">Haber trabajado activamente en su pa\u00eds de origen o en varios pa\u00edses.<\/span><\/li>\n<\/ol>\n<h4><span style=\"color: #333333;\"><em>C) <\/em><em>Criterios de exclusi\u00f3n<\/em><em>:<\/em><\/span><\/h4>\n<ol>\n<li><span style=\"color: #333333;\">Miembros actuales y salientes de la Mesa Directiva de la SIP no pueden<\/span><\/li>\n<li><span style=\"color: #333333;\">Postulantes no pueden aplicar a m\u00e1s de un premio de la<\/span><\/li>\n<li><span style=\"color: #333333;\">Postulaciones recibidas extempor\u00e1neamente o fuera del sistema de recepci\u00f3n no ser\u00e1n<\/span><\/li>\n<\/ol>\n<h4><span style=\"color: #333333;\"><em>\u00a0<\/em><\/span><span style=\"color: #333333;\"><em>D) <\/em><em>Criterios de evaluaci\u00f3n<\/em><em>:<\/em><\/span><\/h4>\n<ol>\n<li><span style=\"color: #333333;\">Aportes excepcionales al avance profesional de la psicolog\u00eda en las Am\u00e9ricas.<\/span><\/li>\n<li><span style=\"color: #333333;\">Impacto de su labor profesional (e.g., prestigio, reconocimiento, participaci\u00f3n en eventos cient\u00edficos y\/o profesionales, intervenciones, ).<\/span><\/li>\n<li><span style=\"color: #333333;\">Pertinencia social de su labor profesional.<\/span><\/li>\n<li><span style=\"color: #333333;\">Participaci\u00f3n en equipos de trabajo y de investigaci\u00f3n.<\/span><\/li>\n<li><span style=\"color: #333333;\">Participaci\u00f3n en organizaciones nacionales e internacionales de psicolog\u00eda.<\/span><\/li>\n<li><span style=\"color: #333333;\">Aportes a la Sociedad Interamericana de Psicolog\u00eda (SIP) (e.g., conferencista, autor\u00edas, evaluador, miembro de la Mesa Directiva, ).<\/span><\/li>\n<li><span style=\"color: #333333;\">Formaci\u00f3n de recursos (e.g., estudiantes, investigadores, pasantes, ).<\/span><\/li>\n<li><span style=\"color: #333333;\">Promoci\u00f3n de valores de justicia social y \u00e9tica.<\/span><\/li>\n<li><span style=\"color: #333333;\">Reconocimientos obtenidos y posiciones de liderazgo profesional<\/span><\/li>\n<li><span style=\"color: #333333;\">Cooperaci\u00f3n sostenida con profesionales de al menos una Regi\u00f3n geogr\u00e1fica de la SIP.<\/span><\/li>\n<li><span style=\"color: #333333;\">Reconocimiento nacional e<\/span><\/li>\n<\/ol>\n<h4><span style=\"color: #333333;\"><em>E) Proceso de postulaci\u00f3n:<\/em><\/span><\/h4>\n<ol>\n<li><span style=\"color: #333333;\">Enviar, por medio del sistema electr\u00f3nico, una carta de postulaci\u00f3n en la que se destaquen cada uno de los criterios de evaluaci\u00f3n (m\u00e1x. 5 ).<\/span><\/li>\n<li><span style=\"color: #333333;\">Gestionar cartas de apoyo de miembros de la SIP que deber\u00e1n adjuntarse a la carta de postulaci\u00f3n.<\/span><\/li>\n<li><span style=\"color: #333333;\">Completar formulario electr\u00f3nico de postulaci\u00f3n.<\/span><\/li>\n<li><span style=\"color: #333333;\">Enviar constancia de membres\u00eda activa de la SIP.<\/span><\/li>\n<li><span style=\"color: #333333;\">Enviar CV de la persona<\/span><\/li>\n<li><span style=\"color: #333333;\">Todos los materiales deber\u00e1n ser proporcionados en formato PDF en un solo archivo en el siguiente orden: Carta de postulaci\u00f3n, CV, Constancia de membres\u00eda y Cartas de apoyo.<\/span><\/li>\n<\/ol>\n<h4><span style=\"color: #333333;\"><em>F) Proceso de evaluaci\u00f3n:<\/em><\/span><\/h4>\n<ol>\n<li><span style=\"color: #333333;\">La llamada para postulaciones es hecha por la Secretar\u00eda General siguiendo la calendarizaci\u00f3n planificada.<\/span><\/li>\n<li><span style=\"color: #333333;\">Todas las postulaciones ser\u00e1n hechas por medio de un sistema electr\u00f3nico de recepci\u00f3n, disponible a partir de la fecha de<\/span><\/li>\n<li><span style=\"color: #333333;\">La selecci\u00f3n del coordinador\/a ser\u00e1 hecha por el o la Presidenta de la SIP y nombrar\u00e1 una persona adicional para apoyar las actividades relacionadas con los premios de la SIP.<\/span><\/li>\n<li><span style=\"color: #333333;\">Para evaluar el perfil de los postulantes se crear\u00e1 un Comit\u00e9 Evaluador de tres miembros por cada regi\u00f3n (9 personas en total). Cada regi\u00f3n incluir\u00e1 al menos una persona galardonada con un premio de la SIP anteriormente.<\/span><\/li>\n<li><span style=\"color: #333333;\">Los miembros del Comit\u00e9 Evaluador revisar\u00e1n los materiales enviados y los evaluar\u00e1n utilizando un sistema electr\u00f3nico, a partir de los criterios de evaluaci\u00f3n hechos p\u00fablicos.<\/span><\/li>\n<li><span style=\"color: #333333;\">Las nueve personas que conforman el Comit\u00e9 Evaluador revisar\u00e1n y evaluar\u00e1n los perfiles de todas las personas postuladas.<\/span><\/li>\n<li><span style=\"color: #333333;\">Cada persona postulada recibir\u00e1 una puntuaci\u00f3n promediada (100 m\u00e1x.) y ser\u00e1 clasificada o ranqueada de forma general y en cada una de las \u00e1reas de evaluaci\u00f3n.<\/span><\/li>\n<li><span style=\"color: #333333;\">Cada miembro del Comit\u00e9 evaluador seleccionar\u00e1 al mejor candidato\/a postulado\/a y argumentar\u00e1 por qu\u00e9 dicha persona merece el premio.<\/span><\/li>\n<li><span style=\"color: #333333;\">La persona coordinadora de la selecci\u00f3n del premio presentar\u00e1 un informe sobre los resultados a la Mesa Directiva y recomendar\u00e1 las personas que, de acuerdo con el proceso de evaluaci\u00f3n, deber\u00edan recibir el premio.<\/span><\/li>\n<li><span style=\"color: #333333;\">El premio al Desarrollo Profesional de la Psicolog\u00eda en las Am\u00e9ricas &#8220;Jos\u00e9 Toro Alfonso&#8221; ser\u00e1 un premio \u00fanico por CIP. Sin embargo, el coordinador\/a y la Mesa Directiva pueden otorgar m\u00e1s de un premio en situaciones extraordinarias.<\/span><\/li>\n<li><span style=\"color: #333333;\">Los miembros de la Mesa Directiva que apoyen cualquiera de las postulaciones de forma escrita, deber\u00e1n de abstenerse de participar en la deliberaci\u00f3n relacionada con la postulaci\u00f3n siendo considerada. Adem\u00e1s, cada miembro de la Mesa Directiva deber\u00e1 reconocer si tiene alg\u00fan conflicto de inter\u00e9s que pueda afectar su juicio en la valoraci\u00f3n de las personas postuladas para el premio. De no existir acuerdo un\u00e1nime sobre la decisi\u00f3n final, todos los miembros a Mesa Directiva expresar\u00e1n su sentir (i.e., a favor, en contra, abstenci\u00f3n) y una decisi\u00f3n por mayor\u00eda simple ser\u00e1 tomada. La Secretaria General coordinar\u00e1 cualquier proceso de votaci\u00f3n de esta \u00edndole.<\/span><\/li>\n<li><span style=\"color: #333333;\">Las persona o personas ganadoras ser\u00e1n anunciadas por la Secretaria General de la SIP.<\/span><\/li>\n<\/ol>\n<h4><span style=\"color: #333333;\"><em>G) Incentivos otorgados:<\/em><\/span><\/h4>\n<ol>\n<li><span style=\"color: #333333;\">Placa de reconocimiento en el Congreso Interamericano de Psicolog\u00eda durante el acto de inauguraci\u00f3n del mismo.<\/span><\/li>\n<li><span style=\"color: #333333;\">Se exime del pago de registro al Congreso Interamericano de Psicolog\u00eda en el que recibir\u00e1 la premiaci\u00f3n.<\/span><\/li>\n<\/ol>\n<p>[\/et_pb_text][et_pb_divider _builder_version=&#8221;4.9.0&#8243; _module_preset=&#8221;default&#8221; disabled_on=&#8221;on|on|on&#8221; disabled=&#8221;on&#8221;][\/et_pb_divider][et_pb_text admin_label=&#8221;titulo forma&#8221; _builder_version=&#8221;4.9.0&#8243; _module_preset=&#8221;default&#8221; disabled_on=&#8221;on|on|on&#8221; disabled=&#8221;on&#8221;]<\/p>\n<h5 style=\"text-align: center;\">Formulario de Nominaci\u00f3n<\/h5>\n<p>[\/et_pb_text][et_pb_image src=&#8221;https:\/\/38cip.sipsych.org\/wp-content\/uploads\/2021\/03\/check-list-150&#215;150.png&#8221; alt=&#8221;Enviar Trabajo&#8221; title_text=&#8221;check-list&#8221; url=&#8221;https:\/\/38cip.sipsych.org\/index.php\/premios\/premio-desarrollo-profesional\/formulario-desarrollo-profesional\/&#8221; align=&#8221;center&#8221; _builder_version=&#8221;4.9.0&#8243; _module_preset=&#8221;default&#8221; disabled_on=&#8221;on|on|on&#8221; disabled=&#8221;on&#8221;][\/et_pb_image][et_pb_text admin_label=&#8221;small pdf&#8221; _builder_version=&#8221;4.9.0&#8243; _module_preset=&#8221;default&#8221; hover_enabled=&#8221;0&#8243; sticky_enabled=&#8221;0&#8243; disabled_on=&#8221;on|on|on&#8221; disabled=&#8221;on&#8221;]<\/p>\n<p style=\"text-align: center;\"><span style=\"color: #333333;\">Si necesita alguna herramienta para convertir archivos en PDF o unir todos los archivos PDF en uno solo, sugerimos acceda <a style=\"color: #333333;\" href=\"https:\/\/smallpdf.com\/pdf-tools\" target=\"_blank\" rel=\"noopener\">AQUI<\/a><\/span><\/p>\n<p>[\/et_pb_text][et_pb_text _builder_version=&#8221;4.9.0&#8243; _module_preset=&#8221;default&#8221; hover_enabled=&#8221;0&#8243; sticky_enabled=&#8221;0&#8243;]<\/p>\n<p style=\"text-align: center;\">Los galardonados para recibir el reci\u00e9n creado premio al Desarrollo Profesional lo son:<\/p>\n<p>[\/et_pb_text][\/et_pb_column][\/et_pb_row][et_pb_row _builder_version=&#8221;4.9.0&#8243; _module_preset=&#8221;default&#8221; column_structure=&#8221;1_2,1_2&#8243;][et_pb_column _builder_version=&#8221;4.9.0&#8243; _module_preset=&#8221;default&#8221; type=&#8221;1_2&#8243;][et_pb_image _builder_version=&#8221;4.9.0&#8243; _module_preset=&#8221;default&#8221; hover_enabled=&#8221;0&#8243; sticky_enabled=&#8221;0&#8243; title_text=&#8221;Andres Perez-Acosta&#8221; src=&#8221;https:\/\/38cip.sipsych.org\/wp-content\/uploads\/2021\/07\/Andres-Perez-Acosta-300&#215;300.png&#8221; align=&#8221;center&#8221;][\/et_pb_image][\/et_pb_column][et_pb_column _builder_version=&#8221;4.9.0&#8243; _module_preset=&#8221;default&#8221; type=&#8221;1_2&#8243;][et_pb_image _builder_version=&#8221;4.9.0&#8243; _module_preset=&#8221;default&#8221; title_text=&#8221;Eduardo Lugo&#8221; src=&#8221;https:\/\/38cip.sipsych.org\/wp-content\/uploads\/2021\/07\/Eduardo-Lugo-300&#215;300.png&#8221; align=&#8221;center&#8221; hover_enabled=&#8221;0&#8243; sticky_enabled=&#8221;0&#8243;][\/et_pb_image][\/et_pb_column][\/et_pb_row][\/et_pb_section]<\/p>\n","protected":false},"excerpt":{"rendered":"<p>[et_pb_section fb_built=&#8221;1&#8243; _builder_version=&#8221;4.9.0&#8243; _module_preset=&#8221;default&#8221;][et_pb_row _builder_version=&#8221;4.9.0&#8243; _module_preset=&#8221;default&#8221; custom_margin=&#8221;-39px|auto||auto||&#8221; custom_padding=&#8221;1px|||||&#8221;][et_pb_column type=&#8221;4_4&#8243; _builder_version=&#8221;4.9.0&#8243; _module_preset=&#8221;default&#8221;][et_pb_text admin_label=&#8221;titulo&#8221; _builder_version=&#8221;4.9.0&#8243; _module_preset=&#8221;default&#8221; hover_enabled=&#8221;0&#8243; sticky_enabled=&#8221;0&#8243;] Premio al Desarrollo Profesional de la Psicolog\u00eda en las Am\u00e9ricas &#8220;Jos\u00e9 Toro Alfonso&#8221; [\/et_pb_text][et_pb_text admin_label=&#8221;texto&#8221; _builder_version=&#8221;4.9.0&#8243; _module_preset=&#8221;default&#8221; text_font=&#8221;Arial||||||||&#8221; text_font_size=&#8221;15px&#8221; text_letter_spacing=&#8221;1px&#8221; text_line_height=&#8221;2em&#8221; text_orientation=&#8221;justified&#8221; disabled_on=&#8221;on|on|on&#8221; disabled=&#8221;on&#8221;] LA FECHA LIMITE PARA ENV\u00cdO ES EL 1 DE JUNIO<\/p>\n<div class=\"re-read-more\"><a class=\"read-more\" href=\"https:\/\/38cip.sipsych.org\/index.php\/premios\/premio-desarrollo-profesional\/\">Read More&#8230;<\/a><\/div>\n","protected":false},"author":1,"featured_media":0,"parent":332,"menu_order":0,"comment_status":"closed","ping_status":"closed","template":"","meta":{"_et_pb_use_builder":"on","_et_pb_old_content":"","_et_gb_content_width":"","footnotes":""},"class_list":["post-674","page","type-page","status-publish","hentry"],"_links":{"self":[{"href":"https:\/\/38cip.sipsych.org\/index.php\/wp-json\/wp\/v2\/pages\/674","targetHints":{"allow":["GET"]}}],"collection":[{"href":"https:\/\/38cip.sipsych.org\/index.php\/wp-json\/wp\/v2\/pages"}],"about":[{"href":"https:\/\/38cip.sipsych.org\/index.php\/wp-json\/wp\/v2\/types\/page"}],"author":[{"embeddable":true,"href":"https:\/\/38cip.sipsych.org\/index.php\/wp-json\/wp\/v2\/users\/1"}],"replies":[{"embeddable":true,"href":"https:\/\/38cip.sipsych.org\/index.php\/wp-json\/wp\/v2\/comments?post=674"}],"version-history":[{"count":16,"href":"https:\/\/38cip.sipsych.org\/index.php\/wp-json\/wp\/v2\/pages\/674\/revisions"}],"predecessor-version":[{"id":1282,"href":"https:\/\/38cip.sipsych.org\/index.php\/wp-json\/wp\/v2\/pages\/674\/revisions\/1282"}],"up":[{"embeddable":true,"href":"https:\/\/38cip.sipsych.org\/index.php\/wp-json\/wp\/v2\/pages\/332"}],"wp:attachment":[{"href":"https:\/\/38cip.sipsych.org\/index.php\/wp-json\/wp\/v2\/media?parent=674"}],"curies":[{"name":"wp","href":"https:\/\/api.w.org\/{rel}","templated":true}]}}